ermine i(x).
-23
Suppose -2*r - 1 + 3 = 0. Let c(l) = -3*l - 3*l - r + l**2 - l. Let y(b) = -b**3 + 120*b**2 - 328*b + 24877. Let u be y(119). Give c(u).
-7
Let p = -313 - -308. Let i(q) = -4*q**2 + 10*q + 7. Let c(m) = -3*m**2 + 9*m + 7. Let y(v) = p*c(v) + 4*i(v). Determine y(-6).
-13
Suppose 0 = 2*a - 6*a + 5*s + 51, a + 5*s = 19. Suppose -5*p - 2*c = 40, -p + 5*c - c + a = 0. Let d(g) = -g**3 - 5*g**2 + 9*g + 5. Give d(p).
-13
Let p(g) = g**3 - 6*g**2 + 6*g. Let k(q) = q**2 + 3*q - 1. Let f be k(-4). Suppose -7*u = -f*u + 20. Let w(i) = i**2 - 20. Let n be w(u). Determine p(n).
5
Suppose -26 = 2*p - 104. Let g be (-4 + 1)*(-26)/p. Let l(q) = q**g + 2*q**2 + 6 - 1 + 8*q - 2*q**2. Calculate l(-6).
-7
Let f = -15 + 72. Let x(s) = 3*s**2 + 7*s - 19. Let u be x(4). Let n = f - u. Let d(a) = a - 14. What is d(n)?
-14
Suppose -3*u - 5 - 2 = -2*i, -18 = 2*u - 4*i. Let k(z) = -177 - 173 + 707 - 30*z - 176 - 180. Calculate k(u).
-29
Let z(j) = -j - 1. Let v(s) = s**3 + 5*s**2 + 3*s - 19. Let i be v(-3). What is z(i)?
9
Let l be (6/10)/((-19)/(-2280)). Suppose 8*f = -0 - l. Let p(z) = z**3 + 9*z**2 - 13. Calculate p(f).
-13
Let f = 28 - 24. Let h(w) = -5*w**2 - 7*w - 3. Let j(k) = -14*k**2 - 22*k - 10. Let r(a) = f*j(a) - 11*h(a). Suppose -7*u + 3*u - 36 = 0. Calculate r(u).
11
Let s(b) = b + 2. Let o be (-15)/180 - 759/(-36). Let h = 2 + -21. Let y = h + o. What is s(y)?
4
Let s be (-9)/(-24) - 61/(-8). Suppose j - 101 = -2*k, 2*k - s = -0*k. Let i(l) = j*l**2 + 99*l**2 - 187*l**2 + 1 - l**3. Determine i(5).
1
Let p(l) = l**2 - 7*l + 18. Let t(r) = r**2 + 13*r - 222. Let v be t(-23). Determine p(v).
26
Let d(f) = 11*f**2 + 656*f**3 + 32*f - 657*f**3 - 9*f**2 + 16. Calculate d(7).
-5
Let o be 10/4*(-15)/50*-12. Suppose 0 = -12*z + o*z + 27. Let j(k) = -k + 10. Give j(z).
1
Let t(w) = -348 + 690 + 3*w - 348 + 10*w. Let r(n) = -16*n + 8. Let u(b) = 3*r(b) + 4*t(b). Let y(j) = -2*j - 8. Let c be y(-6). Determine u(c).
16
Let j(h) = h**3 + 5*h**2 - h - 3. Let l = 625 + -476. Suppose 143*w - l*w - 30 = 0. Calculate j(w).
2
Let p(g) = g + 31. Let z = -3616 + 3606. Determine p(z).
21
Let l(z) = -2*z**3 - z. Suppose 0 = 6*o + 27*o. Suppose 2*r + 4*m - 18 = o, 5*r = 5*m + 15 - 30. Give l(r).
-3
Let g(j) = 7*j + 19. Let d be (-48)/15 + 1 + 2 - (-168)/(-60). What is g(d)?
-2
Let j(m) = -590*m + 137. Let x(d) = -119*d. Let i(t) = j(t) - 5*x(t). Give i(-28).
-3
Let g(d) be the first derivative of -2*d**3/3 + 2*d**2 + 8*d - 315. Determine g(4).
-8
Let k(m) = 15 + 27*m - 34*m + 4*m - 18 + 6*m. Let b = -18 - -16. Determine k(b).
-9
Let n(f) = -11*f**3 + f**2 + 0 - 4 + 5 + 2*f. Suppose -3*u + j + 15 = 0, -5 = -u - 0*j + 4*j. Suppose 0 = -4*v + u*a + 28 - 7, 0 = -4*v - 4*a - 24. Give n(v).
11
Let a(k) = -7*k - 8*k - 3 - k**3 + 17*k - 5. Let c = -13 - -13. Calculate a(c).
-8
Suppose 2*l = -4*h + 12, -43 = -4*h + 4*l - 91. Suppose 2*p - 3*f = f, 24 = 4*p + 4*f. Let u(a) = a - 3 + 2*a - p*a. Give u(h).
-1
Suppose -45 = -47*u - 45. Let j = -9 + 14. Suppose u = m, -t - j*m - 9 = -0. Let w(k) = k**3 + 8*k**2 - 8*k + 1. Calculate w(t).
-8
Let d be (-256)/(-36) + 2/(-18). Let u be (d - (5 - -1))/(-1). Let q(r) = 3*r**3 + r**2 + 2*r + 1. Calculate q(u).
-3
Let m(q) = -5*q**3 - 5*q**2 - 8*q - 13. Let r(c) = -27*c**3 - 23*c**2 - 39*c - 66. Let g(v) = 11*m(v) - 2*r(v). Give g(-8).
5
Let z(p) = 15*p + 0*p - 4*p**2 - 15 + 0*p + 6*p - 3*p. What is z(7)?
-85
Let v(n) = -3*n + 18. Let b(a) = -a + 9. Let x = 303 + -305. Let r(o) = x*v(o) + 5*b(o). Give r(-7).
2
Let c(m) = 105*m + 10*m**2 + 1 - 105*m. Let t(u) = -6*u + 53. Let z be t(9). What is c(z)?
11
Let p(k) = 2*k - 28. Let l(x) = -5*x + 176. Let d(i) = l(i) + 3*p(i). Calculate d(14).
106
Let h(t) = 46*t**2 - 19*t + 17. Let n(x) = 81*x**2 - 38*x + 34. Let y(b) = -7*h(b) + 4*n(b). Calculate y(8).
-7
Suppose 5479 = 7*a + 5437. Let w(h) = -11*h + 33. Calculate w(a).
-33
Suppose 0 = k + 2 - 8. Let q be (-10)/3*k/(-4). Let h(s) = s + 5. What is h(q)?
10
Let z(r) = -r + 12. Let d be 109 + 0 - (-7 - 1). Let p be 331/(-3) + 10/(-15). Let t = p + d. Give z(t).
6
Let a(i) = i - 2. Let p be a(-5). Let s(x) = -3*x**3 - 24*x**2 - 85*x + 18. Let y(d) = -d**3 - 8*d**2 - 26*d + 6. Let c(n) = 3*s(n) - 10*y(n). What is c(p)?
8
Let f(n) = -4*n**2 - 48*n + 249. Let i(z) = -2*z**2 - 24*z + 124. Let t(r) = 3*f(r) - 5*i(r). Give t(-16).
-1
Let n = 221 + -320. Let g = -103 - n. Let k = 7 + g. Let a(z) = 2*z**2 - 4*z + 2. What is a(k)?
8
Suppose 0 = -3*b + 43 + 26. Let n = b + -26. Let x(h) = -5*h + 14. Let v(f) = f + 8. Let i(c) = 2*v(c) - x(c). Give i(n).
-19
Suppose -4*m = -3*h - 36, 5*m + 27 = 8*m - h. Let o(x) = -x**3 + 8*x**2 + 11*x - 19. What is o(m)?
-1
Suppose 0 = 5*a + 4*k + 1 - 3, 4*k = 5*a - 18. Let u(l) = a*l - 8 + 0*l - l - 4*l. Suppose -30 = -3*i - 48. Determine u(i).
10
Let y(j) = -j**2 - 11 + 27*j + 6*j - 14*j - 24. Give y(16).
13
Let y(z) = -z + 39. Let q(m) = 6*m - 196. Let d(v) = -2*q(v) - 11*y(v). Give d(-26).
-11
Let g(a) = -2*a - 6. Let o(k) = -44*k + 1 - 3 - 5 + 42*k. Let r(u) = 6*g(u) - 5*o(u). Let j be (-2)/(-3) + 100/(-15). Give r(j).
11
Let l(i) = 19*i + 192. Suppose -2*j + 18*u - 12 = 14*u, -3*j = 2*u + 34. Determine l(j).
2
Let i(f) = -f**2 + 7*f - 5. Let l = -44 + 54. Let s be l/(-45) + (-681)/(-27) + 3. Suppose s*a + 6 = 29*a. Give i(a).
1
Let i(f) = f**2 - 8*f - 24. Suppose 3*g - 7*g + 40 = b, -2*b + 3 = g. Calculate i(g).
9
Let w(x) = -4814*x - 4814*x - 200 + 9637*x. Determine w(23).
7
Let b(k) = -k**2 + 9*k + 65. Suppose 48*m - 24*m - 15*m = 117. What is b(m)?
13
Suppose -25*z + 68 = -207. Let d(y) = 0*y**3 + 232*y**2 - 2*y - 243*y**2 + y**3 + 13. Determine d(z).
-9
Let r(s) = -s + 1. Let d(n) = n**2 - 3. Let j be 2/(-6) + 10/(150/35). Let b(o) = j*r(o) - d(o). Determine b(0).
5
Let k(b) = -13*b - 3. Let v(i) = 27*i + 6. Let r = -125 + 116. Let y(h) = r*k(h) - 4*v(h). What is y(-2)?
-15
Let m(k) = k - 2. Suppose -182*n - 1364 + 84 - 358 = 0. What is m(n)?
-11
Suppose 417*l + 856 = 425*l. Let s = -101 + l. Let v(r) = -r**3 + 5*r**2 + 6. Give v(s).
-30
Let a(y) = y**3 + 2*y**2 + 2*y. Suppose 0 = 18*n - 9347 - 4243. Let r = n + -756. Calculate a(r).
-1
Suppose -7 = 10*a - 11*a + 4*g, 2*a + 16 = -2*g. Let o(f) = 12*f + 67. Determine o(a).
7
Suppose -6 = 3*k + 4*m, -k = -2*m + 6*m + 10. Suppose 2*o = d + 15 + 4, 0 = -3*o - k*d + 39. Let f(p) = 3 + 24*p - 12*p - o*p. Give f(-6).
-3
Let n(g) be the second derivative of -g**3/6 - 3*g**2 - 2*g. Suppose 12 = -2*s - 3*u, 2*u + 161 = -5*s + 131. Determine n(s).
0
Let a(g) be the third derivative of -5*g**4/24 + 35*g**3/6 - 1581*g**2. Give a(8).
-5
Suppose 13*x = 11*x - 42. Let z be (x/28)/(6/(-16)). Let i(c) = 1 - 2 - 534*c**z + 533*c**2. What is i(1)?
-2
Let z(t) = -t**2 - 15*t - 21. Let f be z(-13). Let w(p) = 4*p - 2*p - 8 - 3 + f. Calculate w(6).
6
Let d(w) be the third derivative of w**2 - 1/6*w**3 + 0*w + 1/15*w**5 - 1/6*w**4 + 1/120*w**6 + 0. Suppose 57 = 5*n - 8, -5*s = -5*n + 4*n + 33. Determine d(s).
15
Suppose 0 = 3*p + 38 - 17. Let l be ((-3)/(-6))/((-2)/4). Let f = l - p. Let r(b) = b - 8. Give r(f).
-2
Let p(v) be the first derivative of -14*v + 97 - 3/2*v**2 + 7/3*v**3 - 1/4*v**4. Determine p(6).
4
Suppose 15 = -4*v + 9*v. Let x(a) = -a**2 + 8*a - 10. Let z be x(v). Let u(t) be the first derivative of -3*t**2/2 + 7*t - 151. Calculate u(z).
-8
Let x = 15721 - 15719. Let m(z) be the first derivative of 34 + 1/2*z**x + 18*z. What is m(-12)?
6
Let p(i) = -1101*i**2 - 20 - 1094*i**2 + 4388*i**2 - 1100*i**2 - 1092*i**2. Calculate p(5).
5
Let r(h) be the first derivative of h**4/4 - 2*h**3 + 4*h**2 - 13*h - 850. Determine r(4).
-13
Suppose 45*m = 36*m + 819. Suppose -140*f = -147*f + m. Let d(r) = -3*r + 29. Determine d(f).
-10
Suppose -8*i - 2*u + 14 = -3*i, -4*i = -4*u. Suppose 2*d - i*z = 6*d + 58, -2*d + 3*z - 17 = 0. Let j(k) = -2*k - 26. Give j(d).
0
Suppose 15*n - 11*n = 2*j + 1006, -256 = -n + 2*j. Suppose -n = -34*g - 46. Let b(f) = -4*f + 18. What is b(g)?
-6
Let o(y) = y**2 + 18*y - 45. Let k = 2593 - 2613. Determine o(k).
-5
Let h be 32*(650/40 - 16). Suppose 2*l + 10 = r - 2*l, 5*r + 2*l - 6 = 0. Suppose -r*s = 0, 2*s + h = 4*u + 4*s. Let w(v) = -2*v. Give w(u).
-4
Suppose 17648*z + 33 = 17659*z. Let y(u) be the third derivative of 0 + u**z + 13*u**2 + 0*u +